 h = -4481 - -4504. Let a(q) = -q + 22. What is a(h)?
-1
Let o(v) be the first derivative of 4/3*v**3 - 2*v - 78 + v**2. Give o(-3).
28
Let o(v) = 4*v - 2*v + 4*v**3 + 3 + 3*v**2 - 3*v**3. Suppose 60*u = 55*u + 170. Suppose 0 = w - 31 + u. Calculate o(w).
-3
Let i(w) = 19*w - 54. Let f(q) = -244*q + 247. Let v be f(1). Give i(v).
3
Suppose -36 = -24*y + 12*y. Let b(m) = 207*m + 0 + 1 - 2*m**y - 205*m + m**2 + 0*m**2. Determine b(2).
-7
Suppose -3*s = -3*f + 7*f - 13, -s + 15 = -4*f. Let u(v) = -16*v**2 - 8*v + 24. Let w(l) = 9*l**2 + 3*l - 12. Let t(d) = s*w(d) + 4*u(d). What is t(-12)?
0
Let c be (-2)/12 - 468/(-216). Let a(l) = 2*l + 1. Let q(g) = -3*g - 3. Let v(j) = -5*a(j) - 2*q(j). Determine v(c).
-7
Suppose -4*b + q + 742 = -q, -b + 4*q = -203. Let f(s) = -b*s + 183*s - 4 + s**2. Give f(-3).
5
Let y(m) = 3*m - 1. Suppose 3*i + 5*v = 6*i - 1660, 2252 = 4*i + 3*v. Suppose i = -5*l + 555. What is y(l)?
-4
Let l be 11 - 13 - 80/(-5). Let y(x) = 12*x - 5*x - 3*x - 13 - l*x - x**2. What is y(-9)?
-4
Let o = 1 - 1. Let n(j) be the first derivative of -j**4/12 - j**3/6 - 2*j**2 - 143*j + 27. Let q(y) be the first derivative of n(y). What is q(o)?
-4
Suppose 122*h - 67 - 55 = 0. Let a(f) = 8*f**2 - 3*f + 2. Calculate a(h).
7
Suppose 0 = -2*s + 4*r + 12, 5*s + 2 = s - 5*r. Suppose 5*n = 3*v + 37, -v + 23 = 3*n - s*v. Let g(h) = -3 + h**2 - 2*h**2 + 7*h + 2*h. What is g(n)?
5
Let w(j) = -j**2 - 6*j - 6. Let c = -444 + 444. Suppose -4*k = -2*k + 6, u + 4*k + 18 = c. Determine w(u).
-6
Let d(s) be the second derivative of s**5/20 + s**4/2 - s**3/6 + 5*s**2/2 - 218*s - 3. Suppose 2*v = -x + 4, 2*x - 2*v + 20 = -2. Calculate d(x).
11
Let k(g) = -235*g + 11*g**2 - 219*g + 2 + 451*g + 2*g**2. Determine k(3).
110
Suppose 3*x = 3*o, 2*o - 560*x - 21 = -565*x. Let r(n) = -7*n + 10. Calculate r(o).
-11
Let m(s) be the first derivative of -5*s**3/3 - 3*s**2/2 + 7*s - 242. Let a be m(1). Let g(w) = 47*w**3 - 2*w - 1. Give g(a).
-46
Let p(n) = n**3 + 8*n**2 + 10*n + 4. Let y(f) be the second derivative of f**3/2 - 133*f**2/2 - 77*f. Let v be y(42). Calculate p(v).
-17
Let g(s) = -124 + 44 - 43 + 11*s - 88. Give g(20).
9
Suppose 15 = 3*d, -d = 4*b - 9 - 0. Let f(o) = -5*o + 10*o + 3 - 2 + 0 + 39*o. Calculate f(b).
45
Let v(n) be the first derivative of n**6/120 - n**5/10 + n**4/24 - n**3/3 - n**2/2 - 45. Let t(l) be the second derivative of v(l). Give t(6).
4
Let l(k) = k + 3. Let p(r) = -r**2 - 17*r - 16. Let s be p(-18). Let y = s - -39. Suppose d + 2 = -3*z, 5*d = -y*z - 4 - 6. Determine l(z).
3
Let v(o) be the second derivative of -o**4/6 + o**3 - 718*o. Determine v(3).
0
Let d(c) be the second derivative of c**5/20 + 3*c**4/4 - 29*c**3/6 - 37*c**2 + 11232*c. Calculate d(-11).
3
Let z(l) = -12373 + 24737 - 12366 + l. Let k = -2 + 4. Suppose -4*y + 12 = k*n, -y - 11 = -0*y + 4*n. Calculate z(y).
3
Let p(o) be the first derivative of o**4/4 - 7*o**3 + 89*o**2/2 + 24*o + 14532. Give p(15).
9
Let v(z) = 12*z**2 + 11*z + 5. Let q(u) = -5*u**2 - 6*u - 2. Suppose 3*a = o + 4, -18*a = -2*o - 20*a + 8. Let h(l) = o*v(l) + 5*q(l). Calculate h(-4).
16
Let p(b) = 12 - 386*b**2 + 754*b**2 - 367*b**2 - 7*b. Determine p(8).
20
Let u(m) = -m**3 + 11*m**2 + 22. Let r be 7/1 - (-10)/((-100)/(-70)) - 3. Calculate u(r).
22
Suppose 0 = -2*x - 4*c - 0*c - 8, -3*x - 3*c = -3. Suppose x*r + 0*r - 6 = 0. Let p(m) = -4 + 4 + 1 + 0*m + 3*m**3 - m. Calculate p(r).
3
Suppose 436*d - 439*d = -6. Let i(s) = -7*s**2 + s + 3. Determine i(d).
-23
Let r(d) be the second derivative of d**3/3 - 10*d**2 + 10*d + 77. Suppose 0 = -3*j + 5*j. Determine r(j).
-20
Let i(c) be the first derivative of -5*c**2 - 17*c + 1103. Give i(-2).
3
Let x = 668 - 662. Suppose 0 = 2*g - 0*g - 6. Let j(k) = -g + 3*k + 5 - 5. Calculate j(x).
15
Let m(k) = 5*k**2 - 2*k. Let d(n) = -57*n**2 + 28*n + 39. Let g(l) = -d(l) - 11*m(l). Calculate g(-5).
41
Let z(r) be the third derivative of r**4/12 - 7*r**3/6 + 2*r**2. Let j(k) = -5190*k - 20755. Let v be j(-4). Determine z(v).
3
Let s(i) = -2 + 13 - i**2 - i - 4. Let b = -224 - -232. Suppose 4*j + 3*p = b*p + 30, -3*j + p + 17 = 0. Calculate s(j).
-23
Suppose -7*f - 1 + 15 = 0. Suppose 0 = f*n + 13 - 21. Suppose 1 = 4*i - 6*i - t, n*t = -5*i - 7. Let w(r) = 6*r + 1. Determine w(i).
7
Let v(i) = -2*i**2 + 11*i - 7. Suppose -3*t = 3*l - 18, l - 3*t + 0 = 2. Let u(s) = -s**2 + 5*s - 4. Let d(j) = l*u(j) - 3*v(j). Calculate d(6).
-11
Suppose 9*f + o + 557 = 8*f, f = -3*o - 551. Let d be 4/(-30)*-9*f/(-168). Let a(p) = p**2 - p - 5. Calculate a(d).
7
Let z(w) = -74*w - 80. Let g be z(-1). Let f(s) = -5*s**2 + s + 2. Let t(n) = 4*n**2 - 2*n - 3. Let a(c) = 5*f(c) + 6*t(c). Calculate a(g).
-2
Suppose -3*f = -5*p + 40, 2*p - 16 = 2*f + 2*f. Let l(v) = -10 - 33*v - 4 + 34*v. Give l(p).
-6
Suppose 13 = -m + 3*g, 5*g + 5 = -80*m + 75*m. Let r(u) = -u**2 + 6*u + 40. What is r(m)?
0
Let v(g) = -g**2 + 3*g + 4. Let p be v(3). Let c(n) = -3*n - 24*n**2 - p*n + 3*n - 5 + 23*n**2. Give c(-4).
-5
Let d(c) be the second derivative of c**6/120 + c**5/12 - c**4/4 + c**3/3 + c**2 + 54*c. Let l(u) be the first derivative of d(u). Give l(-6).
2
Let i(h) = -19*h**2 + 4*h + 3. Let k(m) = 33*m**2 - 8*m - 8. Let l(n) = -7*i(n) - 4*k(n). What is l(-6)?
23
Let y(l) = -5*l**3 + 10*l**2 - 15*l + 21. Let j(z) = -6*z**3 + 9*z**2 - 15*z + 19. Let o(x) = -4*j(x) + 5*y(x). Determine o(13).
3
Let x(d) = -23*d - 243. Let l(k) = 2*k**3 - 14*k**2 + 18*k + 13. Let i be l(4). Calculate x(i).
10
Let a(u) be the first derivative of 1/2*u**2 + 226 + 3*u. What is a(6)?
9
Let u be (-4 - (-2 + -7)) + -2. Suppose 5*g + 19 = -5*j + 49, 5*g - u*j - 30 = 0. Let i(a) = a**3 - 6*a**2 + 5*a - 8. Determine i(g).
22
Let o(c) be the second derivative of -c**5/20 + 2*c**4/3 - 4*c**3/3 + 4*c**2 - 2*c. Let t be ((-3)/9)/(15/(-12285)). Let g = t + -266. Calculate o(g).
1
Let d(q) = -2*q + 333. Let l(i) = -i + 155. Let s(j) = 6*d(j) - 13*l(j). Give s(-2).
-19
Let m(b) be the third derivative of -b**4/12 + 17*b**3/6 + b**2 + 22. Give m(12).
-7
Let q = -145 + 148. Suppose -6 = -q*m + 7*a - 8*a, -a - 12 = -3*m. Let u(p) = p**3 - 2*p**2 - 5*p + 2. Give u(m).
-4
Let i(h) be the third derivative of -h**4/24 - h**3/2 + 2*h**2. Let o(l) = -4*l + 14. Let y be o(5). Let s be y/((-2)/(-1)*-1) - 7. Give i(s).
1
Let q(b) = b**3 - 5*b**2 + 2*b - 6. Let z(i) = 0*i - 3*i**2 - 5 + 1 + i**3 + 3*i. Suppose -32*j + 23 = -73. Let d be z(j). Determine q(d).
4
Let d(l) be the first derivative of -l**3/3 + l**2 - l + 799. What is d(2)?
-1
Let h(c) be the third derivative of 0 + 0*c + 78*c**2 + 0*c**3 + 3/8*c**4 - 1/120*c**6 + 1/10*c**5. Determine h(7).
14
Suppose -3*d + 49 = 4*r, -5*d = -0*r - r - 51. Let y = d + -6. Let f(n) = 5*n**2 - 7*n - 4*n**2 + 17 - 18. Determine f(y).
-11
Let x(v) = v**2 - v - 1. Let k = -397 - -399. Suppose -3*w + 1 + 5 = 0. Suppose -3*u + 2*p = -u + k, 0 = 4*u - w*p + 4. Determine x(u).
1
Let b(d) = 137*d + 6 - 17*d**2 + d**3 - 3 - 21*d + 8 - 5*d**2. Determine b(9).
2
Let w be 3/3 - (19 - 20). Let t(n) = 118*n + n**3 - 121*n + 0 - 3*n**w - 1. Suppose 4*p - 25 = 3*b, p - 2*b = b + 13. Calculate t(p).
3
Let k(b) = -2*b + 9. Let s(m) = -m**2 + 13*m - 51. Let z be s(10). Let o be (-21)/6*1*54/z. What is k(o)?
-9
Suppose -h + 5*h = -16. Let b(q) = -34723*q - 1 + 104179*q - 34725*q - q**3 - 34728*q - 3*q**2. Calculate b(h).
3
Let c be ((-8)/20)/((-12)/(-54)*18/10). Let z(s) = 128*s**3 - 2*s - 3. What is z(c)?
-129
Let z = -361 + 357. Let v(j) = 3*j**3 - 5*j**2 + 11*j - 5. Let m(o) = 7*o**3 - 12*o**2 + 23*o - 10. Let n(u) = z*m(u) + 9*v(u). Give n(4).
7
Let u(w) = -w**3 + 6*w**2 + 5*w - 3. Let c(v) = 12*v**3 - 7*v**2 + v + 1. Let a be c(1). Calculate u(a).
-17
Let v(g) = -2*g - 8. Let w(b) = b**3 - 6*b**2 + 497*b + 8 - 3*b**2 - 488*b. Let p be w(7). Let f = p - -20. What is v(f)?
6
Let g = -581 - -591. Suppose -g = -15*b - 70. Let y(v) = -3*v - 7. Determine y(b).
5
Let p(k) = k**2 - 17*k + 36. Suppose 0 = -4*y + 3*y + 28*y - 135. Determine p(y).
-24
Let z(t) = t**3 + 51*t**2 + 305*t - 121. Let r be z(-44). Let k(w) = w**3 - 11*w**2 + 11*w - 9. Give k(r).
112
Let w(b) = 15*b**3 - 2*b**2 + 8*b - 2. Let d(x) = 33*x**3 - 5*x**2 + 19*x - 5. Let q(u) = 3*d(u) - 7*w(u). Determine q(1).
-7
Let l(c) = 2*c + 8*c**2 + 4*c + c**3 + 3 - 3*c. Let 